 be ((-9)/6 - -1)/((-2)/500). Calculate the highest common factor of g and 50.
25
Suppose -7*j + 123 + 24 = 0. Let g be (8 + 2)*-1*1. Let c = g + 115. What is the greatest common divisor of c and j?
21
Let q(z) = z + 1. Let v be q(6). Suppose -3*p - 16 = -v*p. Calculate the highest common factor of p and 16.
4
Suppose -l + 3*l = 8. Suppose 5*b - 4*m = 32, -10 - 6 = -b - l*m. Suppose 0 = 4*c - 13 - 19. Calculate the highest common factor of b and c.
8
Let c(z) = 13*z**2 - z - 2. Let t be c(-2). Let r = t - 31. Calculate the greatest common divisor of 63 and r.
21
Let y be (-130)/(-8) - (-4)/(-16). Calculate the highest common divisor of y and 2.
2
Let n be ((-3)/9)/(4/(-252)). What is the highest common factor of 84 and n?
21
Suppose 0 = -0*j - 2*j + 32. Calculate the greatest common factor of 80 and j.
16
Suppose 0 = -2*o + o - 1. Let l be -4*(9/6)/o. Calculate the greatest common factor of l and 9.
3
Let h be (-9 - -4)/(2/(-8)). Calculate the highest common factor of h and 5.
5
Let n(h) = 1 + 3*h - h**2 + 1 + 8*h. Let s be n(9). Let m = s + -10. What is the highest common divisor of m and 40?
10
Let t = 105 - 29. Let b = -24 - -43. What is the highest common factor of b and t?
19
Let r be -3 + -1 + 5 + 27/3. What is the greatest common divisor of 25 and r?
5
Let f = 42 - 24. Suppose 15*u - 4*n - 31 = 14*u, u + 4*n - 23 = 0. What is the highest common divisor of u and f?
9
Let j be (27/2)/((-1)/(-2)). Suppose -4*x = -x. Suppose p + 12 = 5*b - x*p, -b - 12 = -5*p. What is the greatest common factor of b and j?
3
Let g = 9 + -6. Suppose -23 + 5 = -g*l. Calculate the highest common divisor of l and 48.
6
Let v = -21 + 24. Suppose 4*p + v*c + 2*c = 52, -2*c + 26 = 2*p. What is the greatest common factor of 52 and p?
13
Let r = -14 + 23. Let a = 85 - -48. Let u = a + -70. What is the highest common divisor of u and r?
9
Suppose -4*u + 30 = -18. Suppose 4*c + c - 2*n = 476, 0 = -n + 2. What is the greatest common factor of u and c?
12
Let k(d) = 49*d + 6. Let p be k(2). What is the highest common divisor of p and 13?
13
Let x be 4*98/(-2)*-1. Calculate the greatest common divisor of 28 and x.
28
Let z(l) = 13*l**2 - 4*l**2 - 5*l**3 + 7*l + 4*l**3 - 8. Let f = 1 - -8. Let m be z(f). What is the greatest common factor of 22 and m?
11
Let p be (2/3)/(13/117). Calculate the highest common factor of 30 and p.
6
Let n = 142 + -62. Calculate the highest common divisor of n and 16.
16
Let l = 9 - 6. Let h = -4 + l. Let j be (h/2)/(2/(-108)). What is the highest common divisor of j and 3?
3
Suppose -n - 4*m + 12 = 2*n, m - 3 = 2*n. Suppose 0 = -n*z + 2*z - 132. What is the greatest common factor of 22 and z?
22
Let i(s) = 2*s - 14. Let v(j) = j - 13. Suppose -d + 1 = 4. Let f(y) = d*v(y) + 2*i(y). Let q be f(0). What is the highest common factor of 99 and q?
11
Let z = -3 - -2. Let v(t) = 103*t**2 - t. Let u be v(z). Calculate the greatest common factor of 13 and u.
13
Suppose -49 = 5*n - 169. Suppose 1 = 3*x - 5. Suppose 4*p - 17 = p + 4*i, 5*p - 11 = -x*i. Calculate the greatest common factor of p and n.
3
Suppose 2*p - 3*g = 18, 3*p + 3*g = 12 + 15. Suppose j = 2*c - 28, -5*j - p + 1 = c. Calculate the highest common divisor of c and 30.
6
Let m = 5 + -3. Suppose -4*z - 4*h = -m*h, 5*z = -h + 6. Suppose z*f + f = 4*y + 412, 708 = 5*f + 4*y. What is the greatest common divisor of f and 14?
14
Let d(f) be the second derivative of 17*f**3/6 - 5*f**2/2 + 2*f. Let y be d(4). What is the highest common factor of 7 and y?
7
Let t = -124 - -259. Suppose 2*z = -z + t. What is the greatest common divisor of 9 and z?
9
Let j be (-24)/((42/4)/(-7)). What is the greatest common divisor of 16 and j?
16
Let l be (-1)/((-2)/6*1). Let k(x) = x**2 + 3*x. Let d be k(l). Let z = 97 - -101. What is the greatest common factor of z and d?
18
Let k = -500 - -704. Let o = 12 + k. Calculate the highest common factor of o and 24.
24
Suppose -4*n = -5*h - 370, -10 = 2*h + 3*h. Let c = 141 - 80. Let p = -25 + c. Calculate the highest common factor of n and p.
18
Let i(z) = -z**3. Let p be i(-2). What is the greatest common factor of p and 72?
8
Suppose 5*s = 4*i - 0*i + 7, 2*i - 4*s = -8. Suppose -54 = -i*u - 18. What is the greatest common factor of 6 and u?
6
Suppose 0*o + 32 = 4*o. Let t(v) = -v**2 + 3*v - 4. Let k be t(3). Let i = k + o. Calculate the greatest common factor of 20 and i.
4
Let j = -280 + 406. Suppose 35 = 5*g - 35. Calculate the highest common divisor of g and j.
14
Let m = 19 - 10. Suppose m*t = 4*t. Suppose 5*b = 35 - t. What is the greatest common factor of 77 and b?
7
Suppose -14*l = -54 + 12. What is the highest common factor of l and 15?
3
Let t = 191 + -139. Calculate the greatest common divisor of t and 65.
13
Let b(d) = 4*d - 5. Let v be b(2). Calculate the highest common divisor of v and 3.
3
Let a = -12 - -15. Let v be -3*a/15*-15. What is the highest common factor of 63 and v?
9
Let j(y) = -5*y - 1. Let v = -28 - -42. Suppose -v = 4*x + 6. Let q be j(x). Calculate the highest common factor of 8 and q.
8
Suppose -5*j - 3*g = -48, -3*j + 6*j = 3*g + 24. Calculate the highest common divisor of j and 36.
9
Suppose -2*c = c + u - 88, 3*u + 84 = 3*c. What is the greatest common divisor of c and 116?
29
Suppose -w + 0*w + 20 = 0. What is the highest common divisor of w and 40?
20
Let x be (1 + 0)*(2 - -4). Suppose 46*k + 6 = 48*k. Calculate the highest common divisor of x and k.
3
Let l(j) = -13*j - 2. Let f = -26 - -21. Let n be l(f). Calculate the highest common factor of 7 and n.
7
Suppose 2*l = 4*v + 38, 62 = 3*l - 0*v - v. Calculate the greatest common divisor of l and 42.
21
Let h = -4 - -6. Suppose -h*r + 1 = -r. Let i be 2 + -4 + -1 + 6. What is the greatest common factor of r and i?
1
Let b = -24 - -40. Calculate the highest common factor of b and 144.
16
Let n be 76/(-4) - (-1 + 0). Let z be ((-12)/9)/(4/n). Suppose 3 - 15 = -2*l. Calculate the highest common factor of l and z.
6
Suppose t + 24 = 5*t. Let g(d) = -d**3 + 7*d**2 - 2*d + 8. Let l be g(t). What is the greatest common divisor of 48 and l?
16
Let y be 513/39 - 10/65. What is the greatest common divisor of 39 and y?
13
Let s = -7 - -29. What is the highest common factor of 22 and s?
22
Let k be 24/84 + 178/14. What is the highest common factor of k and 130?
13
Let n(s) = s**3 + 3*s**2 + 4. Let k be n(-3). Suppose 0 = -3*f + 14 + k. Suppose b - f = -0. Calculate the highest common factor of b and 30.
6
Let m = 36 + -21. What is the highest common divisor of 120 and m?
15
Let o be -4*1*(2 + -10). Suppose 4*m - 2*m - o = 0. Suppose 0 = -q + b, -4*b + m = -0*b. What is the greatest common divisor of 20 and q?
4
Let a be 4 + (15 - (-2)/2). Calculate the greatest common divisor of 30 and a.
10
Suppose 96 = -25*r + 29*r. Calculate the highest common divisor of r and 24.
24
Let s be (-4556)/(-8) - (-2)/4. Suppose 5*f = 5*u + s, -3*f = -4*f + 5*u + 122. Calculate the greatest common factor of 16 and f.
16
Let z be 632/5 - 4/10. Suppose -4*i + 6 = j, 3*j - 48 = 7*i - 4*i. What is the greatest common factor of j and z?
14
Suppose 5*s - 455 = -5*c, 4*s - 2*c = -0*c + 370. Suppose s = 7*i - 3*i. Calculate the highest common factor of i and 23.
23
Suppose 8*c + 40 = 12*c. What is the highest common divisor of c and 90?
10
Suppose 4*x - 32 = -2*k, 3*k - 6 - 15 = 3*x. Suppose -5*g = k, 8 = 2*n - n + g. What is the highest common factor of n and 40?
10
Let o = 1 - 6. Let x = 7 + o. Suppose g + 3*g + 4*l = 148, x*l = -6. What is the highest common divisor of g and 60?
20
Let i(r) = 2*r**3 - 3*r**2 + 5*r - 3. Let a be i(3). Calculate the highest common divisor of a and 13.
13
Suppose 4*s + 19 = -1, 5*s - 191 = -c. Calculate the highest common factor of c and 27.
27
Suppose 9*q = 13*q - 80. What is the highest common divisor of 4 and q?
4
Suppose -68 = -4*t - 0*t. Let w = 3 - t. Let j = w - -30. Calculate the greatest common divisor of 8 and j.
8
Let r(d) = d**3 - d**2 - d + 4. Let k be r(0). Suppose -k*o + 116 = -3*j, -7 - 15 = -o - j. Calculate the highest common factor of 156 and o.
26
Let w be 127 - 4/(1 - -1). Suppose -5*n + w = 5*t + 30, -4*n + 4*t + 68 = 0. Calculate the greatest common divisor of n and 18.
18
Suppose 44 - 170 = -3*x. Calculate the greatest common divisor of 6 and x.
6
Suppose -4*